+ 292. Let j = a + o. Is j a prime number?
False
Is 2*1321 - 2 - (-2 + -1) prime?
False
Let q(t) = -2*t**2 + 2*t + 2. Let s be q(2). Let f be s/((-4)/1366) + -1. Suppose 4*l + 38 = f. Is l prime?
False
Suppose -5*y + 574 = -21. Is y a prime number?
False
Let t(q) = -4*q + 6*q**2 + 2*q**2 + 3 - 6*q**2. Let m be t(2). Is (-1)/(m/(-18) + 0) a prime number?
False
Let b(w) = -w**3 + w**2 + w + 3. Let v be b(0). Suppose -5*c = 0, -4*c + 2 = -a + v*a. Is (1 - 22)/(a - 2) a composite number?
True
Suppose p + p = -52. Let d be p/(-4) - 3/6. Is 2/(d/27*1) a prime number?
False
Let b = -16 + 22. Suppose b*v - 3*v + 1 = 4*j, 5 = 2*j + 3*v. Let i(g) = 48*g**2 + g. Is i(j) prime?
False
Let r = -22 - -12. Let n be (r/25)/(1/(-5)). Suppose 0 = 3*j - 9, -3*i - n*j = -0 - 15. Is i composite?
False
Let r = 15 - -2328. Suppose 0 = -n + 2*n + l - 470, -5*n + 2*l = -r. Is n a prime number?
False
Let u(w) be the first derivative of 5*w**4/12 - w**3/3 + 5*w**2/2 + 2*w + 2. Let x(p) be the first derivative of u(p). Is x(4) a composite number?
True
Suppose -g + 7*s = 2*s - 929, 5*g - 5*s = 4665. Is g a composite number?
True
Suppose 5*k - q - 637 = 0, 1 = -q - 1. Is k a prime number?
True
Let u be (4/6)/((-8)/(-60)). Suppose -u*k = 28 - 13. Is (-2)/k + (-73)/(-3) a composite number?
True
Suppose -2*r + r - 48 = 0. Let v = 5 - r. Is v composite?
False
Is (636 - 1) + 19 + -19 a composite number?
True
Suppose -4*f + 18 = 2. Suppose 0 = f*k, -p + 0*k - 3*k = 0. Is (-57)/(-12)*(4 - p) a prime number?
True
Is (-1 - -4)/((18/(-49143))/(-2)) a composite number?
False
Let g(u) = 62*u - 3. Is g(2) prime?
False
Is (-3946)/(-10) - 18/(-45) composite?
True
Let v(s) = s**2 - 4*s + 4. Let o be v(4). Suppose -o + 1 = -r. Suppose 0 = -t + 3*z + 97, -t + r*t - 3*z - 179 = 0. Is t a composite number?
True
Suppose 0 = 3*a - 0*a + 3. Let w = a - -1. Suppose -2*l + 5*l - 30 = w. Is l composite?
True
Suppose 16 = 2*w + 2*l, 0*l + l - 16 = -3*w. Suppose -w*z = 176 - 772. Is z a composite number?
False
Suppose -6*x - 167 + 6149 = 0. Is x a prime number?
True
Let v = -1804 - -2667. Is v a prime number?
True
Let c(p) = p**2 + 1151. Is c(0) a composite number?
False
Let m(v) = -v**3 - 3*v**2 - 3*v - 2. Let k be m(-2). Let i(b) = -163*b + 0 + k. Is i(-1) a prime number?
True
Suppose 5*o = 6*o - 31. Let f be (-2)/(-3) - 154/(-3). Let c = f + o. Is c composite?
False
Let s = 19 - 10. Let d be (2/3)/(6/s). Is -1 - (-4)/(0 + d) a prime number?
True
Let y be -1 - (-2 - (3 - 74)). Is y/(-3) + 3/(-9) composite?
False
Let p(y) = 8*y - 5. Let t be p(4). Suppose t = 2*r - 167. Let c = 162 - r. Is c a composite number?
True
Suppose -1256 = -3*i + 262. Let w = -297 + i. Is w a prime number?
False
Let d = -9 - -6. Is 177*((-32)/12 - d) a prime number?
True
Is (-13275)/(-63) + (-6)/(-21) a composite number?
False
Let m(c) = -c + 4. Let h be m(4). Suppose 6 = -h*i + 2*i. Suppose -b - i*b + 12 = 0. Is b a prime number?
True
Let k(h) = -h**2 - 7*h - 7. Let b be k(-5). Suppose 1397 = 4*w - b*j, -4*w = -0*j + 4*j - 1376. Is w prime?
True
Let t be 0/(-2 - 0/(-1)). Suppose t = -2*y - 1 + 95. Is y composite?
False
Let v be 10/(-40) - (-13)/4. Suppose -15 = v*u, 3*p = -2*u + 86 + 15. Is p a composite number?
False
Suppose -5*c + 3441 = -40574. Is c composite?
False
Let a(d) = d**2 + 4*d - 3. Let v be a(-5). Suppose 0 = -v*j + 4*x + 2, 0*j - 3*j - 1 = -2*x. Is -1 + (j - -2) - -19 prime?
True
Suppose -3 = -p - 0. Let f = p + 13. Suppose -4*w - f = 0, -4*y - y + 5*w + 205 = 0. Is y prime?
True
Suppose 19*x - 35565 = 4*x. Is x a prime number?
True
Suppose -2*r + 1902 = 4*i - 2704, r - 1 = 0. Is i composite?
False
Suppose -11*z = -18*z + 12131. Is z prime?
True
Let y(n) be the second derivative of n**7/420 - n**6/720 + n**5/60 + n**4/6 - 2*n. Let s(d) be the third derivative of y(d). Is s(4) composite?
True
Let z(g) = g**2 + 9 - 8*g**2 - 2*g - g**3 + 2*g**2. Let k(a) = 6*a**3 - a**2. Let w be k(-1). Is z(w) a prime number?
False
Suppose 0 = -2*l - 0*l - 3*d + 917, -2*l + 922 = 4*d. Is l a prime number?
False
Let v be (-4)/(-2) + -3 + 1. Is (-1 - v)/((-1)/37) composite?
False
Suppose 0 = 2*y + 2*f - 348, -7*y = -2*y - 3*f - 910. Is y prime?
True
Is 42/(-14) - (-194)/1 prime?
True
Let y(r) be the second derivative of -r**3/6 + r. Let t be y(-2). Suppose 0 = -t*q - 3*q + 335. Is q composite?
False
Let i(k) = 18*k**2 - 1. Suppose 0 = 2*g - 3*g + 3. Suppose -g*h - 8 - 4 = 0. Is i(h) composite?
True
Suppose 3*k - p - 14662 = -5*p, 5*k - p - 24429 = 0. Let h = k - 3033. Suppose -5*l + q = -h, 4*l - 597 = 3*q + 881. Is l a prime number?
False
Let u(p) = p**2 - 5*p + 10. Is u(-7) composite?
True
Suppose 8 = 4*t - 4. Let g(o) = 11*o**3 + o - 2. Let a be g(2). Suppose w + t*w = a. Is w a composite number?
True
Suppose 3*a - 50 = 16. Is a composite?
True
Let k(u) = 56*u**2 + 2*u - 11. Is k(5) a composite number?
False
Let a(y) = -y**2 + 3*y + 10. Let i be a(7). Let h be (2 - -34) + 2/2. Let o = h + i. Is o a composite number?
False
Let r be (4*(-2 + 1))/(-1). Suppose r*n + 3*f + 886 = -n, -2*n = f + 354. Let u = 337 + n. Is u a prime number?
False
Is 1348*(26/8 - 3) composite?
False
Suppose 363 = -3*f + 6*f. Is f prime?
False
Suppose -273 = 6*y - 9*y. Is y composite?
True
Suppose -3*m + 8*m = 0. Suppose m = -4*w - 0*w - 324. Let r = 68 - w. Is r composite?
False
Suppose 421 + 317 = 6*w. Is w a prime number?
False
Let s = 11 + -6. Let w(c) = s*c + 0 + 0 - 1 + 5*c**2. Is w(-4) a prime number?
True
Let a(u) = 10*u**2 + 3*u + 2. Let w(p) = -21*p**2 - 7*p - 4. Let k(g) = 13*a(g) + 6*w(g). Let d be k(3). Let l = d + 2. Is l a composite number?
False
Is 4/22 - 1546425/(-297) composite?
True
Let c(p) = 0*p + 3*p - 4*p + 5 + 2*p**3. Let n = 12 + -8. Is c(n) a composite number?
True
Suppose -7 = -2*m - 3. Suppose -3*i = -l - 470, 0*i = -i - m*l + 159. Is i a prime number?
True
Let b(h) = -h**3 + h**2 + h + 3. Let p be b(0). Suppose 0 = -y + p*q - 5 - 5, -4*y + 30 = 2*q. Suppose -d + y*d - 476 = 0. Is d a composite number?
True
Let p(y) be the first derivative of y**4/4 - 11*y**3/3 - y**2/2 - 5*y + 10. Is p(12) a prime number?
True
Suppose 2*z = -m + 4816, 2*m - 375 = -3*z + 6850. Is z a prime number?
False
Let f = 561 + -172. Is f prime?
True
Suppose -3*r + z = -797, 0*z = 4*r - z - 1062. Suppose -f = -6*f + r. Let x = -15 + f. Is x composite?
True
Suppose 0 = 5*p + 79 - 29. Let g be 2/p + 354/(-30). Let n(y) = y**2 + 9*y - 15. Is n(g) a prime number?
False
Let o(k) be the second derivative of -11*k**3 - 3*k**2/2 + k. Let q be o(5). Is (4/(-6))/(6/q) a prime number?
True
Let a(x) = -6*x**2 + 2*x - 18. Let o(i) = 5*i**2 - i + 17. Let y(g) = 4*a(g) + 5*o(g). Is y(-10) composite?
False
Suppose -c + 5*w + 2 = -0*c, -2*w - 4 = -2*c. Suppose -1 = l - 2*z, -l = -c*l + 5*z - 1. Let p(k) = -34*k + 1. Is p(l) a prime number?
False
Let c = 782 - 151. Is c a prime number?
True
Let f(x) = x**2 - 9*x - 3. Let i = -3 - 3. Is f(i) composite?
True
Let h(g) = 43*g**2 - g. Let b be h(2). Let j = b + -55. Is j a composite number?
True
Let f(i) = -i + 8. Let s be f(6). Suppose -2*q = s*x - 160, 2*q - 98 = x + 71. Is q a prime number?
True
Suppose x - 3 = -0*x. Is x a composite number?
False
Let k(i) = i**2 - i. Suppose 6 = w + 13. Let h be k(w). Suppose h = -z + 5*z. Is z prime?
False
Suppose -2*f + 4*f = 1116. Suppose c - 4*c - f = 0. Let g = 275 + c. Is g a prime number?
True
Let q = -16 - -19. Suppose -b = -q*w + 546, -5*w + 0*b + 920 = -5*b. Is w composite?
False
Let b(h) = 16*h - 3. Let u be (-52)/(-4) - (1 + 2). Is b(u) composite?
False
Let o(p) = p + 15. Let l be o(-11). Suppose -610 = -2*q + l. Is q a composite number?
False
Let o = 9 + 197. Suppose 87 = m - 3*n + n, -3*m + o = 5*n. Is m a prime number?
False
Suppose -3*b = -1 - 11. Suppose -263 = -3*j - b*v, -v + 265 = 3*j + 4*v. Is j prime?
False
Let a be 3/9 - 16/(-6). Let b = 1 - -1. Suppose 4*t - f = -b*f + 340, 0 = -t - a*f + 85. Is t composite?
True
Let x = -8 - -12. Let w = 0 - -185. Suppose x*v + v = w. Is v prime?
True
Let d = 2 - 6. Is ((-2)/d)/(2/628) composite?
False
Let r = 825 + -446. Is r a prime number?
True
Let q(i) = 4*i**2 + i + 1. Let c(z) = z**2 + 3*z + 1. Let f be c(-2). Let x be q(f). Let d = x + -1. Is d a composite number?
False
Let s(y) = y**3 - y**2 - y + 298. Let o be s(0). S